{"id":527,"date":"2021-04-08T17:31:13","date_gmt":"2021-04-08T15:31:13","guid":{"rendered":"http:\/\/demographie-campagnol.vetagro-sup.fr\/?page_id=527"},"modified":"2022-07-18T14:09:46","modified_gmt":"2022-07-18T12:09:46","slug":"nouveau-programme-plantes-campagnols","status":"publish","type":"page","link":"https:\/\/demographie-campagnol.vetagro-sup.fr\/index.php\/nouveau-programme-plantes-campagnols\/","title":{"rendered":"Programme plantes-campagnols 2021-2023"},"content":{"rendered":"\n<h1 class=\"wp-block-heading\">Plantes-campagnols : un suivi d\u00e9di\u00e9 sur 3 ans<\/h1>\n\n\n<div class=\"wp-block-image\">\n<figure class=\"alignright size-large is-resized\"><img loading=\"lazy\" decoding=\"async\" src=\"http:\/\/demographie-campagnol.vetagro-sup.fr\/wp-content\/uploads\/2022\/07\/Sites_Feder-1-1024x724.jpg\" alt=\"\" class=\"wp-image-613\" width=\"412\" height=\"288\"\/><figcaption>Points orange : position des quadrats suivis pour l\u2019\u00e9tude campagnols-plantes. Points violets : position des quadrats suivis lors du programme pr\u00e9c\u00e9dent<\/figcaption><\/figure>\n<\/div>\n\n\n<p style=\"font-size:19px\"><strong>Faisant suite au travail que nous avons men\u00e9 depuis 3 ans sur les causes des d\u00e9clins, un nouveau programme Feder se met en place sur 3 ans pour explorer pr\u00e9cis\u00e9ment une hypoth\u00e8se qui nous parait la plus solide sur les causes du d\u00e9clin\u00a0; les campagnols ne s\u2019installent dans une parcelle que lorsque l\u2019habitat est de bonne qualit\u00e9 pour eux. S\u2019il n\u2019y a plus d\u2019habitat de qualit\u00e9 pour les campagnols, les jeunes \u00e9migrent de la parcelle et l\u2019on observe un d\u00e9clin local des populations.<\/strong><\/p>\n\n\n\n<p>Pour ce faire, nous allons essayer de mieux comprendre l\u2019installation des colonies de campagnols sur le terrain, leurs choix alimentaires et leurs contraintes physiologiques.<\/p>\n\n\n\n<p>Nous allons nous int\u00e9resser \u00e0 l\u2019interaction campagnol-plante \u00e0 plusieurs \u00e9chelles, de la physiologie au paysage, en passant bien s\u00fbr par la parcelle et en collaboration avec d\u2019autres \u00e9quipes scientifiques.<\/p>\n\n\n\n<p>Nous souhaitons entre autres valider les liens pressentis lors de l\u2019\u00e9tude pr\u00e9c\u00e9dente entre dynamique des populations de campagnols et couverts v\u00e9g\u00e9taux des prairies qui conditionnerait la qualit\u00e9 d\u2019habitat (du pissenlit au menu, mais probablement pas seulement\u2026).<\/p>\n\n\n\n<p>Si nous validons nos hypoth\u00e8ses de travail, les nouvelles connaissances soutiendront une veille de terrain plus efficace, en donnant les moyens de d\u00e9tecter les zones de recrutement des campagnols terrestres plus pr\u00e9cocement \u00e0 basse densit\u00e9. Elles apporteront de nouveaux \u00e9l\u00e9ments pour l\u2019organisation de la lutte via les acteurs du territoire, \u00e0 l\u2019\u00e9chelle des exploitations ou de secteurs g\u00e9ographiques, ind\u00e9pendamment des moyens utilis\u00e9s (pi\u00e9geage, Ratron \u00ae, autres mol\u00e9cules \u00e0 venir\u2026), notamment en facilitant l\u2019identification des parcelles ou secteurs \u00ab\u00a0\u00e0 risque\u00a0\u00bb, zones \u00e0 g\u00e9rer en priorit\u00e9, la mise en place de techniques de \u00ab\u00a0push-pull\u00a0\u00bb, etc\u2026<\/p>\n\n\n\n<h2 class=\"wp-block-heading\">2021-2022 &#8211;<strong> <\/strong>les campagnols vus du ciel ou comment la pr\u00e9sence de pissenlits influence \u00e0 petite \u00e9chelle l\u2019installation de nouvelles colonies<\/h2>\n\n\n\n<figure class=\"wp-block-image size-large\"><img loading=\"lazy\" decoding=\"async\" width=\"1024\" height=\"768\" src=\"http:\/\/demographie-campagnol.vetagro-sup.fr\/wp-content\/uploads\/2022\/07\/DJI_0993-1024x768.jpg\" alt=\"\" class=\"wp-image-617\" srcset=\"https:\/\/demographie-campagnol.vetagro-sup.fr\/wp-content\/uploads\/2022\/07\/DJI_0993-1024x768.jpg 1024w, https:\/\/demographie-campagnol.vetagro-sup.fr\/wp-content\/uploads\/2022\/07\/DJI_0993-300x225.jpg 300w, https:\/\/demographie-campagnol.vetagro-sup.fr\/wp-content\/uploads\/2022\/07\/DJI_0993-768x576.jpg 768w, https:\/\/demographie-campagnol.vetagro-sup.fr\/wp-content\/uploads\/2022\/07\/DJI_0993-1536x1152.jpg 1536w, https:\/\/demographie-campagnol.vetagro-sup.fr\/wp-content\/uploads\/2022\/07\/DJI_0993-2048x1536.jpg 2048w\" sizes=\"auto, (max-width: 706px) 89vw, (max-width: 767px) 82vw, 740px\" \/><\/figure>\n\n\n\n<p>Notre programme se concentre au printemps 2021 sur la compr\u00e9hension des choix guidant l\u2019installation de nouvelles colonies de campagnols terrestres dans les prairies, en conditions \u00ab\u00a0naturelles\u00a0\u00bb. La pr\u00e9paration du suivi a permis de s\u00e9lectionner 52 parcelles en phase de basses ou moyennes densit\u00e9s chez 20 \u00e9leveurs de l\u2019Ouest de la chaine des Puys et du massif du Sancy, de Ceyssat au Nord \u00e0 Chambon-sur-Lac au Sud. Un grand merci aux \u00e9leveurs pour leur accueil chaleureux et l\u2019autorisation d\u2019acc\u00e8s aux parcelles\u00a0! Nous suivons une zone d\u2019un demi hectare sur chacune de ces parcelles. Sur cette surface totale de 26 hectares (<em>52 quadrats X 0.5 ha = 26 ha suivis<\/em>), nous pensons observer l\u2019installation d\u2019au moins 100 colonies.<\/p>\n\n\n\n<p><strong>Le principe en 3 \u00e9tapes :<\/strong><\/p>\n\n\n\n<ul class=\"wp-block-list\"><li>En premier, un diagnostic des colonies ayant hivern\u00e9 sera r\u00e9alis\u00e9. Pour cela des photos seront collect\u00e9es par drone pour situer pr\u00e9cis\u00e9ment les colonies pr\u00e9existantes sur les parcelles en fin d\u2019hiver, soit fin mars \u00e0 d\u00e9but avril. <\/li><\/ul>\n\n\n\n<ul class=\"wp-block-list\"><li>Une seconde s\u00e9rie de photographies de mi \u00e0 fin avril permettra de cartographier sur les m\u00eame parcelles la r\u00e9partition des pissenlits, plante avec lesquels le campagnol a un lien fort, comme mis en \u00e9vidence par le programme pr\u00e9c\u00e9dent. Le pissenlit a l\u2019avantage de se voir&nbsp;du ciel, l\u2019utilisation de photos a\u00e9riennes va nous permettre de collecter un nombre important de donn\u00e9es en une seule saison.<\/li><\/ul>\n\n\n\n<ul class=\"wp-block-list\"><li>Apr\u00e8s la 1<sup>\u00e8re<\/sup> fauche, la troisi\u00e8me session de photographies permettra de localiser les nouvelles colonies install\u00e9es pendant le printemps.<\/li><\/ul>\n\n\n\n<p>Du travail d\u2019analyse d\u2019image (t\u00e9l\u00e9d\u00e9tection) ainsi qu\u2019une analyse statistique pouss\u00e9e viendront ensuite tester des liens entre ces diff\u00e9rentes photos. Marion Buronfosse, stagiaire en derni\u00e8re ann\u00e9e d\u2019ing\u00e9nieur agronome \u00e0 Bordeaux et recrut\u00e9e pour cette mission de t\u00e9l\u00e9d\u00e9tection, se penchera sur le lien entre le couvert v\u00e9g\u00e9tal et l\u2019installation des nouvelles colonies vis-\u00e0-vis de celles pr\u00e9existantes, \u00e9paul\u00e9e de l\u2019\u00e9quipe scientifique en place. Ses analyses nous permettrons de tester l\u2019hypoth\u00e8se suivante ; les nouvelles colonies s\u2019installent l\u00e0 o\u00f9 les densit\u00e9s de pissenlits sont les plus fortes.<\/p>\n\n\n\n<p>Des relev\u00e9s botaniques compl\u00e9teront les informations sur chaque parcelle, ainsi qu\u2019un pi\u00e9geage cet \u00e9t\u00e9 afin d\u2019\u00e9valuer la population et l\u2019\u00e9tat physiologique des campagnols terrestres sur certaines parcelles. D\u2019autres parcelles seront quant \u00e0 elles suivies sur un temps plus long. <\/p>\n\n\n\n<p><strong>Le suivi a \u00e9t\u00e9 reconduit en 2022. Les r\u00e9sultats de la premi\u00e8re saison 2021 sont disponibles <a href=\"http:\/\/demographie-campagnol.vetagro-sup.fr\/index.php\/2021\/09\/14\/campagnols-et-vegetation-vus-du-ciel-la-suite\/\">ici<\/a>.<\/strong><\/p>\n\n\n<div class=\"wp-block-image\">\n<figure class=\"aligncenter is-resized\"><img loading=\"lazy\" decoding=\"async\" src=\"http:\/\/demographie-campagnol.vetagro-sup.fr\/wp-content\/uploads\/2021\/04\/Photo_1080295766_DJI_342_jpg_27973346_0_2021325153154_photo_original-1024x768.jpg\" alt=\"\" class=\"wp-image-535\" width=\"591\" height=\"444\" srcset=\"https:\/\/demographie-campagnol.vetagro-sup.fr\/wp-content\/uploads\/2021\/04\/Photo_1080295766_DJI_342_jpg_27973346_0_2021325153154_photo_original-1024x768.jpg 1024w, https:\/\/demographie-campagnol.vetagro-sup.fr\/wp-content\/uploads\/2021\/04\/Photo_1080295766_DJI_342_jpg_27973346_0_2021325153154_photo_original-300x225.jpg 300w, https:\/\/demographie-campagnol.vetagro-sup.fr\/wp-content\/uploads\/2021\/04\/Photo_1080295766_DJI_342_jpg_27973346_0_2021325153154_photo_original-768x576.jpg 768w, https:\/\/demographie-campagnol.vetagro-sup.fr\/wp-content\/uploads\/2021\/04\/Photo_1080295766_DJI_342_jpg_27973346_0_2021325153154_photo_original-1536x1152.jpg 1536w, https:\/\/demographie-campagnol.vetagro-sup.fr\/wp-content\/uploads\/2021\/04\/Photo_1080295766_DJI_342_jpg_27973346_0_2021325153154_photo_original-2048x1536.jpg 2048w\" sizes=\"auto, (max-width: 591px) 100vw, 591px\" \/><figcaption><strong>Pi\u00e9geage des campagnols terrestres pour \u00e9valuer la population sur une parcelle \u00e0 haute densit\u00e9 (Saint Alyre-Es-Montagne, 2021)<\/strong><\/figcaption><\/figure>\n<\/div>\n\n\n<h2 class=\"wp-block-heading\">2021-2022 &#8211; les pr\u00e9f\u00e9rences alimentaires du campagnol terrestre sous toutes les coutures<\/h2>\n\n\n\n<figure class=\"wp-block-gallery has-nested-images columns-default is-cropped wp-block-gallery-1 is-layout-flex wp-block-gallery-is-layout-flex\">\n<figure class=\"wp-block-image size-large\"><img loading=\"lazy\" decoding=\"async\" width=\"1024\" height=\"768\" data-id=\"611\" src=\"http:\/\/demographie-campagnol.vetagro-sup.fr\/wp-content\/uploads\/2022\/07\/IMG_20220328_131725-1024x768.jpg\" alt=\"\" class=\"wp-image-611\" srcset=\"https:\/\/demographie-campagnol.vetagro-sup.fr\/wp-content\/uploads\/2022\/07\/IMG_20220328_131725-1024x768.jpg 1024w, https:\/\/demographie-campagnol.vetagro-sup.fr\/wp-content\/uploads\/2022\/07\/IMG_20220328_131725-300x225.jpg 300w, https:\/\/demographie-campagnol.vetagro-sup.fr\/wp-content\/uploads\/2022\/07\/IMG_20220328_131725-768x576.jpg 768w, https:\/\/demographie-campagnol.vetagro-sup.fr\/wp-content\/uploads\/2022\/07\/IMG_20220328_131725-1536x1152.jpg 1536w, https:\/\/demographie-campagnol.vetagro-sup.fr\/wp-content\/uploads\/2022\/07\/IMG_20220328_131725-2048x1536.jpg 2048w\" sizes=\"auto, (max-width: 706px) 89vw, (max-width: 767px) 82vw, 740px\" \/><\/figure>\n<\/figure>\n\n\n\n<p>Les suivis de comportement alimenatires <em>in natura<\/em> sont r\u00e9alis\u00e9s gr\u00e2ce au \u00ab\u00a0campascope\u00a0\u00bb d\u00e9velopp\u00e9 par l&rsquo;\u00e9quipe sp\u00e9cifiquement pour l&rsquo;atude du campagnol terrestre. <\/p>\n\n\n\n<p>Six parcelles de la zone d&rsquo;\u00e9tude, pr\u00e9sentant des v\u00e9g\u00e9tations et niveau de fertilisation vari\u00e9es sont suivies sur 4 saisons, gr\u00e2ce \u00e0 un minimum de 7 dispositifs par parcelle.<\/p>\n\n\n\n<p>Au terme du suivi cet \u00e9t\u00e9 2022, 128 campagnols et leurs choix alimentaires ont \u00e9t\u00e9 film\u00e9s. Le programme pr\u00e9c\u00e9dent ayant permis de d\u00e9terminer le panel alimentaire utilis\u00e9 par le campagnol, le comportement du campagnol terrestre en Auvergne est maintenant en passe d&rsquo;\u00eatre bien cern\u00e9. Apr\u00e8s analyse, les r\u00e9sultats complets seront communiqu\u00e9s d\u00e8s la rentr\u00e9e.<\/p>\n\n\n\n<h2 class=\"wp-block-heading\">2022-2023 &#8211; tests de techniques de push-pull par bandes v\u00e9g\u00e9tales<\/h2>\n\n\n\n<p>Cette page est en construction&#8230; elle sera compl\u00e9t\u00e9e au fur \u00e0 mesure du programme en cours.<\/p>\n","protected":false},"excerpt":{"rendered":"<p>Plantes-campagnols : un suivi d\u00e9di\u00e9 sur 3 ans Faisant suite au travail que nous avons men\u00e9 depuis 3 ans sur les causes des d\u00e9clins, un nouveau programme Feder se met en place sur 3 ans pour explorer pr\u00e9cis\u00e9ment une hypoth\u00e8se qui nous parait la plus solide sur les causes du d\u00e9clin\u00a0; les campagnols ne s\u2019installent &hellip; <\/p>\n<p class=\"link-more\"><a href=\"https:\/\/demographie-campagnol.vetagro-sup.fr\/index.php\/nouveau-programme-plantes-campagnols\/\" class=\"more-link\">Continuer la lecture<span class=\"screen-reader-text\"> de &laquo;&nbsp;Programme plantes-campagnols 2021-2023&nbsp;&raquo;<\/span><\/a><\/p>\n","protected":false},"author":2,"featured_media":0,"parent":0,"menu_order":0,"comment_status":"closed","ping_status":"closed","template":"","meta":{"footnotes":""},"class_list":["post-527","page","type-page","status-publish","hentry"],"_links":{"self":[{"href":"https:\/\/demographie-campagnol.vetagro-sup.fr\/index.php\/wp-json\/wp\/v2\/pages\/527","targetHints":{"allow":["GET"]}}],"collection":[{"href":"https:\/\/demographie-campagnol.vetagro-sup.fr\/index.php\/wp-json\/wp\/v2\/pages"}],"about":[{"href":"https:\/\/demographie-campagnol.vetagro-sup.fr\/index.php\/wp-json\/wp\/v2\/types\/page"}],"author":[{"embeddable":true,"href":"https:\/\/demographie-campagnol.vetagro-sup.fr\/index.php\/wp-json\/wp\/v2\/users\/2"}],"replies":[{"embeddable":true,"href":"https:\/\/demographie-campagnol.vetagro-sup.fr\/index.php\/wp-json\/wp\/v2\/comments?post=527"}],"version-history":[{"count":6,"href":"https:\/\/demographie-campagnol.vetagro-sup.fr\/index.php\/wp-json\/wp\/v2\/pages\/527\/revisions"}],"predecessor-version":[{"id":618,"href":"https:\/\/demographie-campagnol.vetagro-sup.fr\/index.php\/wp-json\/wp\/v2\/pages\/527\/revisions\/618"}],"wp:attachment":[{"href":"https:\/\/demographie-campagnol.vetagro-sup.fr\/index.php\/wp-json\/wp\/v2\/media?parent=527"}],"curies":[{"name":"wp","href":"https:\/\/api.w.org\/{rel}","templated":true}]}}